{"id":97,"date":"2023-03-17T18:23:58","date_gmt":"2023-03-17T17:23:58","guid":{"rendered":"http:\/\/colabstars.com\/?page_id=97"},"modified":"2025-01-29T17:03:59","modified_gmt":"2025-01-29T16:03:59","slug":"nos-partenaires","status":"publish","type":"page","link":"https:\/\/colabstars.com\/index.php\/nos-partenaires\/","title":{"rendered":"PARTENAIRES"},"content":{"rendered":"<!-- wp:extendstudio\/materialis--><div  data-label=\"Overlappable\" data-id=\"overlappable--1\" data-export-id=\"overlappable-3\" data-category=\"overlappable\" class=\"overlappable-3 content-section content-section-spacing-large\" data-overlap=\"true\" id=\"overlappable-1\" style=\"background-color: rgb(255, 255, 255);\"><div  class=\"gridContainer\"> <div  class=\"row bg-color-white mdc-elevation--z5\"><div  class=\"col-xs-12 col-sm-6 image-col\" data-size=\"600x400\" data-bg=\"image\" style=\"background-image: url(&quot;http:\/\/colabstars.com\/wp-content\/uploads\/2023\/03\/cropped-13-entrepreneures-de-Station-F-vous-donnent-leurs-conseils.jpeg&quot;);\"><\/div> <div  class=\"col-xs-12 col-sm-6 content-col col-padding \"> <div  class=\"col-padding\" data-type=\"column\"> <h4  class=\"\" style=\"text-align: center;\">DES ENTREPRENEURS<\/h4> <p  class=\"\">Ils ont une vision, ils innovent, ils changent le monde de demain. Ils nous fascinent par leur volont\u00e9 et leur motivation.\n<br >Lancer une e-banque, inventer un objet connect\u00e9, d\u00e9velopper une batterie solaire, coder une application collaborative, cr\u00e9er une marketplace : voil\u00e0 ce qui vous attend sur le terrain par exemple.<\/p> <a  class=\"button null color1 mdc-ripple-upgraded\" href=\"#\" target=\"_self\" data-cp-link=\"1\" data-icon=\"\" rel=\"noopener\">TELECHARGER LA BROCHURE<\/a><\/div> <\/div><\/div> <div  class=\"row bg-color-white mdc-elevation--z5\"><div  class=\"col-xs-12 col-sm-6 content-col col-padding \"> <div  class=\"col-padding\" data-type=\"column\"><h4  class=\"\" style=\"text-align: center;\">DES INCUBATEURS<\/h4> <p  class=\"\">`Nous sommes en relation avec plus de 800 startups bas\u00e9es \u00e0 Paris, Lyon, Berlin, Londres, Amsterdam, New York, San Fransisco et Tel Aviv. Nous travaillons en collaboration avec des incubateurs de confiance qui h\u00e9bergent et soutiennent les startups.<\/p> <a  class=\"button null color1 mdc-ripple-upgraded\" href=\"#\" target=\"_self\" data-cp-link=\"1\" data-icon=\"\" rel=\"noopener\">TELECHARGER LA BROCHURE<\/a><\/div> <\/div> <div  data-size=\"600x400\" class=\"col-xs-12 col-sm-6 image-col2 first-xs last-sm\" data-bg=\"image\" style=\"background-image: url(&quot;http:\/\/colabstars.com\/wp-content\/uploads\/2023\/03\/cropped-pexels-photo-7278829.jpeg&quot;);\"><\/div> <\/div><\/div> <\/div><!-- \/wp:extendstudio\/materialis--><!-- wp:extendstudio\/materialis--><div  data-label=\"Portfolio\" data-id=\"portfolio--1\" data-export-id=\"portfolio-1-materialis\" data-category=\"portfolio\" class=\"portfolio-1m content-section\" id=\"portfolio-1\" style=\"background-color: rgb(245, 250, 253);\"><div > <div  class=\"row text-center\" data-type=\"row\" data-fixed=\"true\"><div  class=\"col-md-4 col-sm-6 col-xs-12 no-gutter-col\"> <div  class=\"contentswap-effect contentswap-overlay\" data-hover-fx=\"portfolio-1\" style=\"float: none; margin: 0px; width: 100%;\"><div  class=\"initial-image\" style=\"float: none; margin: 0px;\"> <img  decoding=\"async\" data-size=\"600x354\" src=\"http:\/\/colabstars.com\/wp-content\/uploads\/2023\/03\/cropped-station-F.png\"><\/div> <div  class=\"overlay bg-color-black\" style=\"display: block; transition: opacity 800ms; -webkit-transition-timing-function: ease; -moz-transition-timing-function: ease; -o-transition-timing-function: ease; transition-timing-function: ease;\"><\/div> <div  class=\"swap-inner col-xs-12\" style=\"display: block; transition: 800ms; background-color: rgba(0, 0, 0, 0); margin-top: 0px;\"> <div  class=\"row full-height-row middle-xs\"> <div  class=\"col-xs-12 text-center white-text\"> <h4  class=\"font-500\">STATION F<\/h4> <a  class=\"button null mdc-ripple-upgraded color-white\" href=\"https:\/\/stationf.co\" target=\"_blank\" data-cp-link=\"1\" data-icon=\"\" rel=\"noopener\">Voir<\/a><\/div> <\/div><\/div> <\/div><\/div> <div  class=\"col-md-4 col-sm-6 col-xs-12 no-gutter-col\"><div  class=\"contentswap-effect contentswap-overlay\" data-hover-fx=\"portfolio-1\" style=\"float: none; margin: 0px; width: 100%;\"> <div  class=\"initial-image\" style=\"float: none; margin: 0px;\"> <img  decoding=\"async\" data-size=\"600x354\" src=\"http:\/\/colabstars.com\/wp-content\/uploads\/2023\/03\/cropped-Capture-decran-2023-03-17-a-18.52.17.png\"><\/div> <div  class=\"overlay bg-color-black\" style=\"display: block; transition: opacity 800ms; -webkit-transition-timing-function: ease; -moz-transition-timing-function: ease; -o-transition-timing-function: ease; transition-timing-function: ease;\"><\/div> <div  class=\"swap-inner col-xs-12\" style=\"display: block; transition: 800ms; background-color: rgba(0, 0, 0, 0); margin-top: 0px;\"> <div  class=\"row full-height-row middle-xs\"> <div  class=\"col-xs-12 text-center white-text\"> <h4  class=\"font-500\">PARIS &amp; CO<\/h4> <a  class=\"button null mdc-ripple-upgraded color-white\" href=\"https:\/\/www.parisandco.com\" target=\"_blank\" data-cp-link=\"1\" data-icon=\"\" rel=\"noopener\">Voir<\/a><\/div> <\/div><\/div> <\/div><\/div> <div  class=\"col-md-4 col-sm-6 col-xs-12 no-gutter-col\"><div  class=\"contentswap-effect contentswap-overlay\" data-hover-fx=\"portfolio-1\" style=\"float: none; margin: 0px; width: 100%;\"> <div  class=\"initial-image\" style=\"float: none; margin: 0px;\"> <img  decoding=\"async\" data-size=\"600x354\" src=\"http:\/\/colabstars.com\/wp-content\/uploads\/2023\/03\/cropped-thefamily-1024x538-1.jpeg\"><\/div> <div  class=\"overlay bg-color-black\" style=\"display: block; transition: opacity 800ms; -webkit-transition-timing-function: ease; -moz-transition-timing-function: ease; -o-transition-timing-function: ease; transition-timing-function: ease;\"><\/div> <div  class=\"swap-inner col-xs-12\" style=\"display: block; transition: 800ms; background-color: rgba(0, 0, 0, 0); margin-top: 0px;\"> <div  class=\"row full-height-row middle-xs\"> <div  class=\"col-xs-12 text-center white-text\"> <h4  class=\"font-500\">THE FAMILY<\/h4> <a  class=\"button null mdc-ripple-upgraded color-white\" href=\"https:\/\/www.thefamily.co\" target=\"_blank\" data-cp-link=\"1\" data-icon=\"\" rel=\"noopener\">Voir<\/a><\/div> <\/div><\/div> <\/div><\/div> <div  class=\"col-md-4 col-sm-6 col-xs-12 no-gutter-col\"><div  class=\"contentswap-effect contentswap-overlay\" data-hover-fx=\"portfolio-1\" style=\"float: none; margin: 0px; width: 100%;\"> <div  class=\"initial-image\" style=\"float: none; margin: 0px;\"> <img  decoding=\"async\" data-size=\"600x354\" src=\"http:\/\/colabstars.com\/wp-content\/uploads\/2023\/03\/cropped-cropped-Capture-decran-2023-03-17-a-19.22.41.png\"><\/div> <div  class=\"overlay bg-color-black\" style=\"display: block; transition: opacity 800ms; -webkit-transition-timing-function: ease; -moz-transition-timing-function: ease; -o-transition-timing-function: ease; transition-timing-function: ease;\"><\/div> <div  class=\"swap-inner col-xs-12\" style=\"display: block; transition: 800ms; background-color: rgba(0, 0, 0, 0); margin-top: 0px;\"> <div  class=\"row full-height-row middle-xs\"> <div  class=\"col-xs-12 text-center white-text\"> <h4  class=\"font-500\">La Ruche<\/h4> <a  class=\"button null mdc-ripple-upgraded color-white\" href=\"https:\/\/la-ruche.net\" target=\"_blank\" data-cp-link=\"1\" data-icon=\"\" rel=\"noopener\">Voir<\/a><\/div> <\/div><\/div> <\/div><\/div> <div  class=\"col-md-4 col-sm-6 col-xs-12 no-gutter-col\"><div  class=\"contentswap-effect contentswap-overlay\" data-hover-fx=\"portfolio-1\" style=\"float: none; margin: 0px; width: 100%;\"> <div  class=\"initial-image\" style=\"float: none; margin: 0px;\"> <img  decoding=\"async\" data-size=\"600x354\" src=\"http:\/\/colabstars.com\/wp-content\/uploads\/2023\/03\/cropped-cropped-cropped-image-le-village-by-ca-nord-de-france.jpeg\"><\/div> <div  class=\"overlay bg-color-black\" style=\"display: block; transition: opacity 800ms; -webkit-transition-timing-function: ease; -moz-transition-timing-function: ease; -o-transition-timing-function: ease; transition-timing-function: ease;\"><\/div> <div  class=\"swap-inner col-xs-12\" style=\"display: block; transition: 800ms; background-color: rgba(0, 0, 0, 0); margin-top: 0px;\"> <div  class=\"row full-height-row middle-xs\"> <div  class=\"col-xs-12 text-center white-text\"> <h4  class=\"font-500\">Le Village<\/h4> <a  class=\"button null mdc-ripple-upgraded color-white\" href=\"https:\/\/levillagebyca.com\/en\" target=\"_blank\" data-cp-link=\"1\" data-icon=\"\" rel=\"noopener\">Voir<\/a><\/div> <\/div><\/div> <\/div><\/div> <div  class=\"col-md-4 col-sm-6 col-xs-12 no-gutter-col\"><div  class=\"contentswap-effect contentswap-overlay\" data-hover-fx=\"portfolio-1\" style=\"float: none; margin: 0px; width: 100%;\"> <div  class=\"initial-image\" style=\"float: none; margin: 0px;\"> <img  decoding=\"async\" data-size=\"600x354\" src=\"http:\/\/colabstars.com\/wp-content\/uploads\/2023\/03\/cropped-Capture-decran-2023-03-17-a-19.25.42.png\"><\/div> <div  class=\"overlay bg-color-black\" style=\"display: block; transition: opacity 800ms; -webkit-transition-timing-function: ease; -moz-transition-timing-function: ease; -o-transition-timing-function: ease; transition-timing-function: ease;\"><\/div> <div  class=\"swap-inner col-xs-12\" style=\"display: block; transition: 800ms; background-color: rgba(0, 0, 0, 0); margin-top: 0px;\"> <div  class=\"row full-height-row middle-xs\"> <div  class=\"col-xs-12 text-center white-text\"> <h4  class=\"font-500\">MIW<\/h4> <a  class=\"button null mdc-ripple-upgraded color-white\" href=\"https:\/\/www.miw.co.il\" target=\"_blank\" data-cp-link=\"1\" data-icon=\"\" rel=\"noopener\">Voir<\/a><\/div> <\/div><\/div> <\/div><\/div>    <\/div><\/div> <\/div><!-- \/wp:extendstudio\/materialis-->","protected":false},"excerpt":{"rendered":"<p>DES ENTREPRENEURS Ils ont une vision, ils innovent, ils changent le monde de demain. Ils nous fascinent par leur volont\u00e9 et leur motivation. Lancer une e-banque, inventer un objet connect\u00e9, d\u00e9velopper une batterie solaire, coder une application collaborative, cr\u00e9er une marketplace : voil\u00e0 ce qui vous attend sur le terrain par exemple. TELECHARGER LA BROCHURE&nbsp;&hellip;<\/p>\n","protected":false},"author":1,"featured_media":0,"parent":0,"menu_order":0,"comment_status":"closed","ping_status":"closed","template":"pro\/page-templates\/full-width-page.php","meta":{"footnotes":""},"class_list":["post-97","page","type-page","status-publish","hentry"],"_links":{"self":[{"href":"https:\/\/colabstars.com\/index.php\/wp-json\/wp\/v2\/pages\/97","targetHints":{"allow":["GET"]}}],"collection":[{"href":"https:\/\/colabstars.com\/index.php\/wp-json\/wp\/v2\/pages"}],"about":[{"href":"https:\/\/colabstars.com\/index.php\/wp-json\/wp\/v2\/types\/page"}],"author":[{"embeddable":true,"href":"https:\/\/colabstars.com\/index.php\/wp-json\/wp\/v2\/users\/1"}],"replies":[{"embeddable":true,"href":"https:\/\/colabstars.com\/index.php\/wp-json\/wp\/v2\/comments?post=97"}],"version-history":[{"count":9,"href":"https:\/\/colabstars.com\/index.php\/wp-json\/wp\/v2\/pages\/97\/revisions"}],"predecessor-version":[{"id":255,"href":"https:\/\/colabstars.com\/index.php\/wp-json\/wp\/v2\/pages\/97\/revisions\/255"}],"wp:attachment":[{"href":"https:\/\/colabstars.com\/index.php\/wp-json\/wp\/v2\/media?parent=97"}],"curies":[{"name":"wp","href":"https:\/\/api.w.org\/{rel}","templated":true}]}}